{"id":26,"date":"2021-05-25T10:14:21","date_gmt":"2021-05-25T10:14:21","guid":{"rendered":"http:\/\/junglaestudio.com\/?page_id=26"},"modified":"2023-03-05T14:34:18","modified_gmt":"2023-03-05T14:34:18","slug":"biografia","status":"publish","type":"page","link":"https:\/\/junglaestudio.com\/?page_id=26","title":{"rendered":"Biograf\u00eda"},"content":{"rendered":"\t\t<div data-elementor-type=\"wp-page\" data-elementor-id=\"26\" class=\"elementor elementor-26\">\n\t\t\t\t\t\t<section class=\"elementor-section elementor-top-section elementor-element elementor-element-4140cb6 elementor-section-boxed elementor-section-height-default elementor-section-height-default\" data-id=\"4140cb6\" data-element_type=\"section\" data-e-type=\"section\" data-settings=\"{&quot;background_background&quot;:&quot;classic&quot;}\">\n\t\t\t\t\t\t\t<div class=\"elementor-background-overlay\"><\/div>\n\t\t\t\t\t\t\t<div class=\"elementor-container elementor-column-gap-no\">\n\t\t\t\t\t<div class=\"elementor-column elementor-col-100 elementor-top-column elementor-element elementor-element-9500cc8\" data-id=\"9500cc8\" data-element_type=\"column\" data-e-type=\"column\">\n\t\t\t<div class=\"elementor-widget-wrap elementor-element-populated\">\n\t\t\t\t\t\t<div class=\"elementor-element elementor-element-de70661 elementor-widget-divider--view-line elementor-widget elementor-widget-divider\" data-id=\"de70661\" data-element_type=\"widget\" data-e-type=\"widget\" data-widget_type=\"divider.default\">\n\t\t\t\t<div class=\"elementor-widget-container\">\n\t\t\t\t\t\t\t<div class=\"elementor-divider\">\n\t\t\t<span class=\"elementor-divider-separator\">\n\t\t\t\t\t\t<\/span>\n\t\t<\/div>\n\t\t\t\t\t\t<\/div>\n\t\t\t\t<\/div>\n\t\t\t\t<div class=\"elementor-element elementor-element-6ef2b04 elementor-widget elementor-widget-heading\" data-id=\"6ef2b04\" data-element_type=\"widget\" data-e-type=\"widget\" data-widget_type=\"heading.default\">\n\t\t\t\t<div class=\"elementor-widget-container\">\n\t\t\t\t\t<h1 class=\"elementor-heading-title elementor-size-default\">Biograf\u00eda<\/h1>\t\t\t\t<\/div>\n\t\t\t\t<\/div>\n\t\t\t\t<div class=\"elementor-element elementor-element-e4a4816 elementor-widget elementor-widget-heading\" data-id=\"e4a4816\" data-element_type=\"widget\" data-e-type=\"widget\" data-widget_type=\"heading.default\">\n\t\t\t\t<div class=\"elementor-widget-container\">\n\t\t\t\t\t<h3 class=\"elementor-heading-title elementor-size-default\">Qui\u00e9n soy<\/h3>\t\t\t\t<\/div>\n\t\t\t\t<\/div>\n\t\t\t\t<div class=\"elementor-element elementor-element-084b92c elementor-widget elementor-widget-heading\" data-id=\"084b92c\" data-element_type=\"widget\" data-e-type=\"widget\" data-widget_type=\"heading.default\">\n\t\t\t\t<div class=\"elementor-widget-container\">\n\t\t\t\t\t<div class=\"elementor-heading-title elementor-size-default\">\u00a1Hola! soy Juanma Funes, compositor y productor musical. \n\nEmpec\u00e9 mi camino en la industria musical en 2006 cuando fund\u00e9 la banda granadina LOS VECINOS DEL CALLEJ\u00d3N, mientras finalizaba mis estudios superiores de Audiovisuales y posteriormente Sonido para espect\u00e1culos en directo y estudios de grabaci\u00f3n. <\/div>\t\t\t\t<\/div>\n\t\t\t\t<\/div>\n\t\t\t\t<div class=\"elementor-element elementor-element-6637023 elementor-widget elementor-widget-text-editor\" data-id=\"6637023\" data-element_type=\"widget\" data-e-type=\"widget\" data-widget_type=\"text-editor.default\">\n\t\t\t\t<div class=\"elementor-widget-container\">\n\t\t\t\t\t\t\t\t\t<p><span style=\"font-style: inherit; font-weight: inherit;\">Tras la pandemia muchos m\u00fasicos tuvimos que adaptarnos a no poder hacer conciertos, as\u00ed que decid\u00ed que era el momento de dar forma al sue\u00f1o que ten\u00eda de construir mi propio estudio y un espacio creativo en el que poder ayudar a m\u00fasicos y productores en sus proyectos.<\/span><\/p><p><span style=\"font-style: inherit; font-weight: inherit;\">Adem\u00e1s de tener un espacio incre\u00edble para producir y grabar m\u00fasica, tambi\u00e9n ofrecemos\u00a0<\/span><b style=\"font-style: inherit;\">servicios de mezcla y mastering<\/b><span style=\"font-style: inherit; font-weight: inherit;\">\u00a0<\/span><b style=\"font-style: inherit;\">online\u00a0<\/b><span style=\"font-style: inherit; font-weight: inherit;\">para proyectos de cualquier parte del mundo<\/span><span style=\"font-style: inherit; font-weight: inherit;\">.<\/span><\/p>\t\t\t\t\t\t\t\t<\/div>\n\t\t\t\t<\/div>\n\t\t\t\t<div class=\"elementor-element elementor-element-211643e elementor-widget elementor-widget-heading\" data-id=\"211643e\" data-element_type=\"widget\" data-e-type=\"widget\" data-widget_type=\"heading.default\">\n\t\t\t\t<div class=\"elementor-widget-container\">\n\t\t\t\t\t<h3 class=\"elementor-heading-title elementor-size-default\">Objetivo<\/h3>\t\t\t\t<\/div>\n\t\t\t\t<\/div>\n\t\t\t\t<div class=\"elementor-element elementor-element-928df15 elementor-widget elementor-widget-text-editor\" data-id=\"928df15\" data-element_type=\"widget\" data-e-type=\"widget\" data-widget_type=\"text-editor.default\">\n\t\t\t\t<div class=\"elementor-widget-container\">\n\t\t\t\t\t\t\t\t\t<p>Jungla Estudio tiene como objetivo llevar al siguiente nivel tu <b>m\u00fasica<\/b>, <b>locuciones<\/b> o <b>podcast<\/b> con t\u00e9cnicas de <b>mezcla y mastering<\/b> profesionales y creativas. Tambi\u00e9n ofrecemos\u00a0 <b>grabaciones<\/b> de calidad con el mejor equipo, si lo necesitas dispondr\u00e1s de grandes m\u00fasicos para los <b>arreglos<\/b> de tus canciones,\u00a0<b>inspirar<\/b> el trabajo creativo gracias al buen ambiente, luz natural en las salas, jard\u00edn con vistas a la monta\u00f1a para <b>desconectar <\/b>y\u00a0<b>relajarse<\/b>, cocina, sal\u00f3n y todas las comodidades que tendr\u00edas en tu propia casa. Todo esto con servicios\u00a0 econ\u00f3micamente <b>asequibles<\/b> y <b>profesionales<\/b>. Queremos que disfrutes del proceso con un trato <b>cercano<\/b> y <b>honesto<\/b>.<\/p>\t\t\t\t\t\t\t\t<\/div>\n\t\t\t\t<\/div>\n\t\t\t\t<div class=\"elementor-element elementor-element-cf26559 elementor-widget-divider--view-line elementor-widget elementor-widget-divider\" data-id=\"cf26559\" data-element_type=\"widget\" data-e-type=\"widget\" data-widget_type=\"divider.default\">\n\t\t\t\t<div class=\"elementor-widget-container\">\n\t\t\t\t\t\t\t<div class=\"elementor-divider\">\n\t\t\t<span class=\"elementor-divider-separator\">\n\t\t\t\t\t\t<\/span>\n\t\t<\/div>\n\t\t\t\t\t\t<\/div>\n\t\t\t\t<\/div>\n\t\t\t\t\t<\/div>\n\t\t<\/div>\n\t\t\t\t\t<\/div>\n\t\t<\/section>\n\t\t\t\t<section class=\"elementor-section elementor-top-section elementor-element elementor-element-23cfaa0 elementor-section-boxed elementor-section-height-default elementor-section-height-default\" data-id=\"23cfaa0\" data-element_type=\"section\" data-e-type=\"section\" data-settings=\"{&quot;background_background&quot;:&quot;classic&quot;}\">\n\t\t\t\t\t\t\t<div class=\"elementor-background-overlay\"><\/div>\n\t\t\t\t\t\t\t<div class=\"elementor-container elementor-column-gap-no\">\n\t\t\t\t\t<div class=\"elementor-column elementor-col-100 elementor-top-column elementor-element elementor-element-874be7c\" data-id=\"874be7c\" data-element_type=\"column\" data-e-type=\"column\">\n\t\t\t<div class=\"elementor-widget-wrap elementor-element-populated\">\n\t\t\t\t\t\t<div class=\"elementor-element elementor-element-03975d3 elementor-position-right elementor-vertical-align-middle elementor-widget elementor-widget-image-box\" data-id=\"03975d3\" data-element_type=\"widget\" data-e-type=\"widget\" data-widget_type=\"image-box.default\">\n\t\t\t\t<div class=\"elementor-widget-container\">\n\t\t\t\t\t<div class=\"elementor-image-box-wrapper\"><figure class=\"elementor-image-box-img\"><img fetchpriority=\"high\" decoding=\"async\" width=\"720\" height=\"720\" src=\"https:\/\/junglaestudio.com\/wp-content\/uploads\/2023\/02\/retrato-720px.jpg\" class=\"attachment-full size-full wp-image-903\" alt=\"juanma funes productor musical ingeniero sonido estudio grabaci\u00f3n monitores yamaha goldmike spl guitarra fender stratocaster previos audient m\u00fasica\" srcset=\"https:\/\/junglaestudio.com\/wp-content\/uploads\/2023\/02\/retrato-720px.jpg 720w, https:\/\/junglaestudio.com\/wp-content\/uploads\/2023\/02\/retrato-720px-300x300.jpg 300w, https:\/\/junglaestudio.com\/wp-content\/uploads\/2023\/02\/retrato-720px-150x150.jpg 150w\" sizes=\"(max-width: 720px) 100vw, 720px\" \/><\/figure><div class=\"elementor-image-box-content\"><div class=\"elementor-image-box-title\">\"Con Jungla Estudio quiero profesionalizar tu proyecto, ayud\u00e1ndote a seguir los principales pasos para poder vivir de tu pasi\u00f3n\"<\/div><p class=\"elementor-image-box-description\">Juanma Funes<\/p><\/div><\/div>\t\t\t\t<\/div>\n\t\t\t\t<\/div>\n\t\t\t\t\t<\/div>\n\t\t<\/div>\n\t\t\t\t\t<\/div>\n\t\t<\/section>\n\t\t\t\t<\/div>\n\t\t","protected":false},"excerpt":{"rendered":"<p>Biograf\u00eda Qui\u00e9n soy \u00a1Hola! soy Juanma Funes, compositor y productor musical. Empec\u00e9 mi camino en la industria musical en 2006 cuando fund\u00e9 la banda granadina LOS VECINOS DEL CALLEJ\u00d3N, mientras finalizaba mis estudios superiores de Audiovisuales y posteriormente Sonido para espect\u00e1culos en directo y estudios de grabaci\u00f3n. Tras la pandemia muchos m\u00fasicos tuvimos que adaptarnos [&hellip;]<\/p>\n","protected":false},"author":1,"featured_media":0,"parent":0,"menu_order":0,"comment_status":"closed","ping_status":"closed","template":"","meta":{"om_disable_all_campaigns":false,"_monsterinsights_skip_tracking":false,"_monsterinsights_sitenote_active":false,"_monsterinsights_sitenote_note":"","_monsterinsights_sitenote_category":0,"site-sidebar-layout":"no-sidebar","site-content-layout":"page-builder","ast-site-content-layout":"default","site-content-style":"default","site-sidebar-style":"default","ast-global-header-display":"","ast-banner-title-visibility":"","ast-main-header-display":"","ast-hfb-above-header-display":"","ast-hfb-below-header-display":"","ast-hfb-mobile-header-display":"","site-post-title":"disabled","ast-breadcrumbs-content":"disabled","ast-featured-img":"disabled","footer-sml-layout":"","ast-disable-related-posts":"","theme-transparent-header-meta":"enabled","adv-header-id-meta":"","stick-header-meta":"","header-above-stick-meta":"","header-main-stick-meta":"","header-below-stick-meta":"","astra-migrate-meta-layouts":"default","ast-page-background-enabled":"default","ast-page-background-meta":{"desktop":{"background-color":"","background-image":"","background-repeat":"repeat","background-position":"center center","background-size":"auto","background-attachment":"scroll","background-type":"","background-media":"","overlay-type":"","overlay-color":"","overlay-opacity":"","overlay-gradient":""},"tablet":{"background-color":"","background-image":"","background-repeat":"repeat","background-position":"center center","background-size":"auto","background-attachment":"scroll","background-type":"","background-media":"","overlay-type":"","overlay-color":"","overlay-opacity":"","overlay-gradient":""},"mobile":{"background-color":"","background-image":"","background-repeat":"repeat","background-position":"center center","background-size":"auto","background-attachment":"scroll","background-type":"","background-media":"","overlay-type":"","overlay-color":"","overlay-opacity":"","overlay-gradient":""}},"ast-content-background-meta":{"desktop":{"background-color":"var(--ast-global-color-5)","background-image":"","background-repeat":"repeat","background-position":"center center","background-size":"auto","background-attachment":"scroll","background-type":"","background-media":"","overlay-type":"","overlay-color":"","overlay-opacity":"","overlay-gradient":""},"tablet":{"background-color":"var(--ast-global-color-5)","background-image":"","background-repeat":"repeat","background-position":"center center","background-size":"auto","background-attachment":"scroll","background-type":"","background-media":"","overlay-type":"","overlay-color":"","overlay-opacity":"","overlay-gradient":""},"mobile":{"background-color":"var(--ast-global-color-5)","background-image":"","background-repeat":"repeat","background-position":"center center","background-size":"auto","background-attachment":"scroll","background-type":"","background-media":"","overlay-type":"","overlay-color":"","overlay-opacity":"","overlay-gradient":""}},"footnotes":""},"class_list":["post-26","page","type-page","status-publish","hentry"],"yoast_head":"<!-- This site is optimized with the Yoast SEO plugin v27.5 - https:\/\/yoast.com\/product\/yoast-seo-wordpress\/ -->\n<title>Biograf\u00eda &#8211; Jungla Estudio<\/title>\n<meta name=\"description\" content=\"Grabaciones. Jungla Estudio es un estudio de grabaci\u00f3n situado en Cenes de la Vega (Granada) creado por el m\u00fasico y t\u00e9cnico Juanma Funes.\" \/>\n<meta name=\"robots\" content=\"index, follow, max-snippet:-1, max-image-preview:large, max-video-preview:-1\" \/>\n<link rel=\"canonical\" href=\"https:\/\/junglaestudio.com\/?page_id=26\" \/>\n<meta property=\"og:locale\" content=\"es_ES\" \/>\n<meta property=\"og:type\" content=\"article\" \/>\n<meta property=\"og:title\" content=\"Biograf\u00eda &#8211; Jungla Estudio\" \/>\n<meta property=\"og:description\" content=\"Grabaciones. Jungla Estudio es un estudio de grabaci\u00f3n situado en Cenes de la Vega (Granada) creado por el m\u00fasico y t\u00e9cnico Juanma Funes.\" \/>\n<meta property=\"og:url\" content=\"https:\/\/junglaestudio.com\/?page_id=26\" \/>\n<meta property=\"og:site_name\" content=\"Jungla Estudio\" \/>\n<meta property=\"article:publisher\" content=\"https:\/\/www.facebook.com\/profile.php?id=100088357076373\" \/>\n<meta property=\"article:modified_time\" content=\"2023-03-05T14:34:18+00:00\" \/>\n<meta property=\"og:image\" content=\"http:\/\/junglaestudio.com\/wp-content\/uploads\/2023\/02\/retrato-720px.jpg\" \/>\n<meta name=\"twitter:card\" content=\"summary_large_image\" \/>\n<script type=\"application\/ld+json\" class=\"yoast-schema-graph\">{\"@context\":\"https:\\\/\\\/schema.org\",\"@graph\":[{\"@type\":\"WebPage\",\"@id\":\"https:\\\/\\\/junglaestudio.com\\\/?page_id=26\",\"url\":\"https:\\\/\\\/junglaestudio.com\\\/?page_id=26\",\"name\":\"Biograf\u00eda &#8211; Jungla Estudio\",\"isPartOf\":{\"@id\":\"https:\\\/\\\/junglaestudio.com\\\/#website\"},\"primaryImageOfPage\":{\"@id\":\"https:\\\/\\\/junglaestudio.com\\\/?page_id=26#primaryimage\"},\"image\":{\"@id\":\"https:\\\/\\\/junglaestudio.com\\\/?page_id=26#primaryimage\"},\"thumbnailUrl\":\"http:\\\/\\\/junglaestudio.com\\\/wp-content\\\/uploads\\\/2023\\\/02\\\/retrato-720px.jpg\",\"datePublished\":\"2021-05-25T10:14:21+00:00\",\"dateModified\":\"2023-03-05T14:34:18+00:00\",\"description\":\"Grabaciones. Jungla Estudio es un estudio de grabaci\u00f3n situado en Cenes de la Vega (Granada) creado por el m\u00fasico y t\u00e9cnico Juanma Funes.\",\"breadcrumb\":{\"@id\":\"https:\\\/\\\/junglaestudio.com\\\/?page_id=26#breadcrumb\"},\"inLanguage\":\"es\",\"potentialAction\":[{\"@type\":\"ReadAction\",\"target\":[\"https:\\\/\\\/junglaestudio.com\\\/?page_id=26\"]}]},{\"@type\":\"ImageObject\",\"inLanguage\":\"es\",\"@id\":\"https:\\\/\\\/junglaestudio.com\\\/?page_id=26#primaryimage\",\"url\":\"https:\\\/\\\/junglaestudio.com\\\/wp-content\\\/uploads\\\/2023\\\/02\\\/retrato-720px.jpg\",\"contentUrl\":\"https:\\\/\\\/junglaestudio.com\\\/wp-content\\\/uploads\\\/2023\\\/02\\\/retrato-720px.jpg\",\"width\":720,\"height\":720,\"caption\":\"Juanma Funes, Productor musical en Jungla Estudio\"},{\"@type\":\"BreadcrumbList\",\"@id\":\"https:\\\/\\\/junglaestudio.com\\\/?page_id=26#breadcrumb\",\"itemListElement\":[{\"@type\":\"ListItem\",\"position\":1,\"name\":\"Home\",\"item\":\"https:\\\/\\\/junglaestudio.com\\\/\"},{\"@type\":\"ListItem\",\"position\":2,\"name\":\"Biograf\u00eda\"}]},{\"@type\":\"WebSite\",\"@id\":\"https:\\\/\\\/junglaestudio.com\\\/#website\",\"url\":\"https:\\\/\\\/junglaestudio.com\\\/\",\"name\":\"Jungla Estudio - Producci\u00f3n Musical, grabaci\u00f3n, mezcla y mastering\",\"description\":\"Grabaci\u00f3n, mezcla y mastering para tu m\u00fasica, locuciones o podcast\",\"publisher\":{\"@id\":\"https:\\\/\\\/junglaestudio.com\\\/#organization\"},\"alternateName\":\"Grabaci\u00f3n Sonido Mezcla Mastering Locuciones Podcast Dise\u00f1o Sonoro Granada Produce Audio\",\"potentialAction\":[{\"@type\":\"SearchAction\",\"target\":{\"@type\":\"EntryPoint\",\"urlTemplate\":\"https:\\\/\\\/junglaestudio.com\\\/?s={search_term_string}\"},\"query-input\":{\"@type\":\"PropertyValueSpecification\",\"valueRequired\":true,\"valueName\":\"search_term_string\"}}],\"inLanguage\":\"es\"},{\"@type\":\"Organization\",\"@id\":\"https:\\\/\\\/junglaestudio.com\\\/#organization\",\"name\":\"Jungla Estudio\",\"alternateName\":\"Grabaciones. Jungla Estudio es el lugar ideal para inspirarte, producir m\u00fasica y convertir el dise\u00f1o sonoro de tus proyectos en el audio m\u00e1s profesional\",\"url\":\"https:\\\/\\\/junglaestudio.com\\\/\",\"logo\":{\"@type\":\"ImageObject\",\"inLanguage\":\"es\",\"@id\":\"https:\\\/\\\/junglaestudio.com\\\/#\\\/schema\\\/logo\\\/image\\\/\",\"url\":\"https:\\\/\\\/junglaestudio.com\\\/wp-content\\\/uploads\\\/2023\\\/01\\\/cropped-cropped-Mesa-de-trabajo-1.png\",\"contentUrl\":\"https:\\\/\\\/junglaestudio.com\\\/wp-content\\\/uploads\\\/2023\\\/01\\\/cropped-cropped-Mesa-de-trabajo-1.png\",\"width\":512,\"height\":512,\"caption\":\"Jungla Estudio\"},\"image\":{\"@id\":\"https:\\\/\\\/junglaestudio.com\\\/#\\\/schema\\\/logo\\\/image\\\/\"},\"sameAs\":[\"https:\\\/\\\/www.facebook.com\\\/profile.php?id=100088357076373\",\"https:\\\/\\\/www.instagram.com\\\/junglaestudio_musica\\\/?hl=es\",\"https:\\\/\\\/www.youtube.com\\\/channel\\\/UC_QtHim6M3G1wjrpMjLQInA\"]}]}<\/script>\n<!-- \/ Yoast SEO plugin. -->","yoast_head_json":{"title":"Biograf\u00eda &#8211; Jungla Estudio","description":"Grabaciones. Jungla Estudio es un estudio de grabaci\u00f3n situado en Cenes de la Vega (Granada) creado por el m\u00fasico y t\u00e9cnico Juanma Funes.","robots":{"index":"index","follow":"follow","max-snippet":"max-snippet:-1","max-image-preview":"max-image-preview:large","max-video-preview":"max-video-preview:-1"},"canonical":"https:\/\/junglaestudio.com\/?page_id=26","og_locale":"es_ES","og_type":"article","og_title":"Biograf\u00eda &#8211; Jungla Estudio","og_description":"Grabaciones. Jungla Estudio es un estudio de grabaci\u00f3n situado en Cenes de la Vega (Granada) creado por el m\u00fasico y t\u00e9cnico Juanma Funes.","og_url":"https:\/\/junglaestudio.com\/?page_id=26","og_site_name":"Jungla Estudio","article_publisher":"https:\/\/www.facebook.com\/profile.php?id=100088357076373","article_modified_time":"2023-03-05T14:34:18+00:00","og_image":[{"url":"http:\/\/junglaestudio.com\/wp-content\/uploads\/2023\/02\/retrato-720px.jpg","type":"","width":"","height":""}],"twitter_card":"summary_large_image","schema":{"@context":"https:\/\/schema.org","@graph":[{"@type":"WebPage","@id":"https:\/\/junglaestudio.com\/?page_id=26","url":"https:\/\/junglaestudio.com\/?page_id=26","name":"Biograf\u00eda &#8211; Jungla Estudio","isPartOf":{"@id":"https:\/\/junglaestudio.com\/#website"},"primaryImageOfPage":{"@id":"https:\/\/junglaestudio.com\/?page_id=26#primaryimage"},"image":{"@id":"https:\/\/junglaestudio.com\/?page_id=26#primaryimage"},"thumbnailUrl":"http:\/\/junglaestudio.com\/wp-content\/uploads\/2023\/02\/retrato-720px.jpg","datePublished":"2021-05-25T10:14:21+00:00","dateModified":"2023-03-05T14:34:18+00:00","description":"Grabaciones. Jungla Estudio es un estudio de grabaci\u00f3n situado en Cenes de la Vega (Granada) creado por el m\u00fasico y t\u00e9cnico Juanma Funes.","breadcrumb":{"@id":"https:\/\/junglaestudio.com\/?page_id=26#breadcrumb"},"inLanguage":"es","potentialAction":[{"@type":"ReadAction","target":["https:\/\/junglaestudio.com\/?page_id=26"]}]},{"@type":"ImageObject","inLanguage":"es","@id":"https:\/\/junglaestudio.com\/?page_id=26#primaryimage","url":"https:\/\/junglaestudio.com\/wp-content\/uploads\/2023\/02\/retrato-720px.jpg","contentUrl":"https:\/\/junglaestudio.com\/wp-content\/uploads\/2023\/02\/retrato-720px.jpg","width":720,"height":720,"caption":"Juanma Funes, Productor musical en Jungla Estudio"},{"@type":"BreadcrumbList","@id":"https:\/\/junglaestudio.com\/?page_id=26#breadcrumb","itemListElement":[{"@type":"ListItem","position":1,"name":"Home","item":"https:\/\/junglaestudio.com\/"},{"@type":"ListItem","position":2,"name":"Biograf\u00eda"}]},{"@type":"WebSite","@id":"https:\/\/junglaestudio.com\/#website","url":"https:\/\/junglaestudio.com\/","name":"Jungla Estudio - Producci\u00f3n Musical, grabaci\u00f3n, mezcla y mastering","description":"Grabaci\u00f3n, mezcla y mastering para tu m\u00fasica, locuciones o podcast","publisher":{"@id":"https:\/\/junglaestudio.com\/#organization"},"alternateName":"Grabaci\u00f3n Sonido Mezcla Mastering Locuciones Podcast Dise\u00f1o Sonoro Granada Produce Audio","potentialAction":[{"@type":"SearchAction","target":{"@type":"EntryPoint","urlTemplate":"https:\/\/junglaestudio.com\/?s={search_term_string}"},"query-input":{"@type":"PropertyValueSpecification","valueRequired":true,"valueName":"search_term_string"}}],"inLanguage":"es"},{"@type":"Organization","@id":"https:\/\/junglaestudio.com\/#organization","name":"Jungla Estudio","alternateName":"Grabaciones. Jungla Estudio es el lugar ideal para inspirarte, producir m\u00fasica y convertir el dise\u00f1o sonoro de tus proyectos en el audio m\u00e1s profesional","url":"https:\/\/junglaestudio.com\/","logo":{"@type":"ImageObject","inLanguage":"es","@id":"https:\/\/junglaestudio.com\/#\/schema\/logo\/image\/","url":"https:\/\/junglaestudio.com\/wp-content\/uploads\/2023\/01\/cropped-cropped-Mesa-de-trabajo-1.png","contentUrl":"https:\/\/junglaestudio.com\/wp-content\/uploads\/2023\/01\/cropped-cropped-Mesa-de-trabajo-1.png","width":512,"height":512,"caption":"Jungla Estudio"},"image":{"@id":"https:\/\/junglaestudio.com\/#\/schema\/logo\/image\/"},"sameAs":["https:\/\/www.facebook.com\/profile.php?id=100088357076373","https:\/\/www.instagram.com\/junglaestudio_musica\/?hl=es","https:\/\/www.youtube.com\/channel\/UC_QtHim6M3G1wjrpMjLQInA"]}]}},"_links":{"self":[{"href":"https:\/\/junglaestudio.com\/index.php?rest_route=\/wp\/v2\/pages\/26","targetHints":{"allow":["GET"]}}],"collection":[{"href":"https:\/\/junglaestudio.com\/index.php?rest_route=\/wp\/v2\/pages"}],"about":[{"href":"https:\/\/junglaestudio.com\/index.php?rest_route=\/wp\/v2\/types\/page"}],"author":[{"embeddable":true,"href":"https:\/\/junglaestudio.com\/index.php?rest_route=\/wp\/v2\/users\/1"}],"replies":[{"embeddable":true,"href":"https:\/\/junglaestudio.com\/index.php?rest_route=%2Fwp%2Fv2%2Fcomments&post=26"}],"version-history":[{"count":74,"href":"https:\/\/junglaestudio.com\/index.php?rest_route=\/wp\/v2\/pages\/26\/revisions"}],"predecessor-version":[{"id":1098,"href":"https:\/\/junglaestudio.com\/index.php?rest_route=\/wp\/v2\/pages\/26\/revisions\/1098"}],"wp:attachment":[{"href":"https:\/\/junglaestudio.com\/index.php?rest_route=%2Fwp%2Fv2%2Fmedia&parent=26"}],"curies":[{"name":"wp","href":"https:\/\/api.w.org\/{rel}","templated":true}]}}